74?
2, 137
What are the prime factors of 5367?
3, 1789
What are the prime factors of 1207?
17, 71
What are the prime factors of 8466?
2, 3, 17, 83
List the prime factors of 529.
23
What are the prime factors of 430?
2, 5, 43
What are the prime factors of 2606?
2, 1303
List the prime factors of 8044.
2, 2011
List the prime factors of 1113.
3, 7, 53
List the prime factors of 5646.
2, 3, 941
List the prime factors of 1850.
2, 5, 37
What are the prime factors of 19685?
5, 31, 127
What are the prime factors of 1505?
5, 7, 43
List the prime factors of 7875.
3, 5, 7
List the prime factors of 1002.
2, 3, 167
What are the prime factors of 204028?
2, 11, 4637
List the prime factors of 3547.
3547
What are the prime factors of 8277?
3, 31, 89
List the prime factors of 10119.
3, 3373
List the prime factors of 29261.
29, 1009
What are the prime factors of 2848?
2, 89
What are the prime factors of 17446?
2, 11, 13, 61
List the prime factors of 3925.
5, 157
What are the prime factors of 2020?
2, 5, 101
List the prime factors of 1013.
1013
List the prime factors of 9639.
3, 7, 17
List the prime factors of 4243.
4243
List the prime factors of 1087.
1087
What are the prime factors of 682?
2, 11, 31
List the prime factors of 885.
3, 5, 59
List the prime factors of 471.
3, 157
What are the prime factors of 1691?
19, 89
What are the prime factors of 19001?
19001
List the prime factors of 40403.
11, 3673
What are the prime factors of 7466?
2, 3733
What are the prime factors of 3779?
3779
What are the prime factors of 1774?
2, 887
List the prime factors of 47308.
2, 11827
List the prime factors of 3932.
2, 983
List the prime factors of 794.
2, 397
What are the prime factors of 6810?
2, 3, 5, 227
What are the prime factors of 12741?
3, 31, 137
What are the prime factors of 71091?
3, 2633
What are the prime factors of 32478?
2, 3, 5413
List the prime factors of 146.
2, 73
What are the prime factors of 457?
457
What are the prime factors of 23885?
5, 17, 281
What are the prime factors of 1995?
3, 5, 7, 19
List the prime factors of 870.
2, 3, 5, 29
List the prime factors of 4174.
2, 2087
List the prime factors of 3202.
2, 1601
What are the prime factors of 9?
3
List the prime factors of 46100.
2, 5, 461
List the prime factors of 33348.
2, 3, 7, 397
What are the prime factors of 78569?
78569
What are the prime factors of 44767?
89, 503
List the prime factors of 1175.
5, 47
What are the prime factors of 1963?
13, 151
What are the prime factors of 26879?
26879
What are the prime factors of 1996?
2, 499
What are the prime factors of 8762?
2, 13, 337
What are the prime factors of 2350?
2, 5, 47
List the prime factors of 26833.
26833
List the prime factors of 9958.
2, 13, 383
What are the prime factors of 33085?
5, 13, 509
List the prime factors of 2798.
2, 1399
What are the prime factors of 14031?
3, 1559
List the prime factors of 37.
37
What are the prime factors of 954?
2, 3, 53
What are the prime factors of 31098?
2, 3, 71, 73
List the prime factors of 83.
83
What are the prime factors of 5461?
43, 127
List the prime factors of 1199.
11, 109
List the prime factors of 86042.
2, 11, 3911
List the prime factors of 1002.
2, 3, 167
What are the prime factors of 1704?
2, 3, 71
List the prime factors of 321.
3, 107
What are the prime factors of 2258?
2, 1129
List the prime factors of 272.
2, 17
List the prime factors of 3494.
2, 1747
What are the prime factors of 94973?
73, 1301
What are the prime factors of 3065?
5, 613
What are the prime factors of 24702?
2, 3, 23, 179
List the prime factors of 46006.
2, 23003
List the prime factors of 14383.
19, 757
What are the prime factors of 4492?
2, 1123
What are the prime factors of 6918?
2, 3, 1153
List the prime factors of 2063.
2063
List the prime factors of 54747.
3, 7, 11, 79
List the prime factors of 5486.
2, 13, 211
What are the prime factors of 12539?
12539
List the prime factors of 5905.
5, 1181
List the prime factors of 2886.
2, 3, 13, 37
What are the prime factors of 120876?
2, 3, 7, 1439
What are the prime factors of 4149?
3, 461
What are the prime factors of 1626?
2, 3, 271
What are the prime factors of 1532?
2, 383
List the prime factors of 113842.
2, 56921
What are the prime factors of 569?
569
List the prime factors of 6469.
6469
List the prime factors of 373.
373
What are the prime factors of 1114?
2, 557
What are the prime factors of 2532?
2, 3, 211
What are the prime factors of 95067?
3, 7, 503
List the prime factors of 825.
3, 5, 11
List the prime factors of 1271.
31, 41
List the prime factors of 762.
2, 3, 127
What are the prime factors of 26045?
5, 5209
What are the prime factors of 38349?
3, 4261
What are the prime factors of 451?
11, 41
List the prime factors of 8067.
3, 2689
What are the prime factors of 6317?
6317
What are the prime factors of 12595?
5, 11, 229
List the prime factors of 3123.
3, 347
List the prime factors of 2066.
2, 1033
List the prime factors of 1937.
13, 149
List the prime factors of 165802.
2, 7, 13, 911
What are the prime factors of 248?
2, 31
List the prime factors of 69110.
2, 5, 6911
What are the prime factors of 261?
3, 29
What are the prime factors of 4243?
4243
What are the prime factors of 973?
7, 139
List the prime factors of 36870.
2, 3, 5, 1229
What are the prime factors of 28468?
2, 11, 647
What are the prime factors of 124450?
2, 5, 19, 131
List the prime factors of 6692.
2, 7, 239
What are the prime factors of 28782?
2, 3, 13, 41
List the prime factors of 2080.
2, 5, 13
List the prime factors of 279.
3, 31
What are the prime factors of 90329?
59, 1531
List the prime factors of 65822.
2, 32911
What are the prime factors of 15193?
15193
List the prime factors of 509.
509
List the prime factors of 3670.
2, 5, 367
What are the prime factors of 21017?
21017
What are the prime factors of 53986?
2, 26993
List the prime factors of 16163.
7, 2309
What are the prime factors of 394?
2, 197
List the prime factors of 38397.
3, 12799
List the prime factors of 8671.
13, 23, 29
List the prime factors of 3496.
2, 19, 23
What are the prime factors of 128197?
17, 7541
List the prime factors of 110526.
2, 3, 13, 109
List the prime factors of 202.
2, 101
List the prime factors of 555.
3, 5, 37
List the prime factors of 3168.
2, 3, 11
List the prime factors of 186916.
2, 83, 563
What are the prime factors of 20581?
11, 1871
List the prime factors of 10021.
11, 911
List the prime factors of 1746.
2, 3, 97
What are the prime factors of 942?
2, 3, 157
What are the prime factors of 31790?
2, 5, 11, 17
What are the prime factors of 454?
2, 227
What are the prime factors of 1097?
1097
What are the prime factors of 613?
613
What are the prime factors of 2064?
2, 3, 43
What are the prime factors of 8937?
3, 331
List the prime factors of 142172.
2, 35543
What are the prime factors of 8208?
2, 3, 19
What are the prime factors of 15664?
2, 11, 89
List the prime factors of 15348.
2, 3, 1279
What are the prime factors of 6162?
2, 3, 13, 79
List the prime factors of 7882.
2, 7, 563
What are the prime factors of 156589?
156589
What are the prime factors of 126240?
2, 3, 5, 263
List the prime factors of 17069.
13, 101
What are the prime factors of 7706?
2, 3853
List the prime factors of 1240.
2, 5, 31
What are the prime factors of 46706?
2, 11, 193
What are the prime factors of 14337?
3, 59
List the prime factors of 1253.
7, 179
What are the prime factors of 385?
5, 7, 11
What are the prime factors of 636?
2, 3, 53
List the prime factors of 686.
2, 7
What are the prime factors of 7220?
2, 5, 19
List the prime factors of 26694.
2, 3, 1483
List the prime factors of 3782.
2, 31, 61
What are the prime factors of 104530?
2, 5, 10453
List the prime factors of 6561.
3
What are the prime factors of 1364?
2, 11, 31
What are the prime factors of 9376?
2, 293
What are the prime factors of 6982?
2, 3491
List the prime factors of 46775.
5, 1871
List the prime factors of 95465.
5, 61, 313
What are the prime factors of 15597?
3, 1733
What are the prime factors of 416?
2, 13
What are the prime factors of 3414?
2, 3, 569
List the prime factors of 53167.
79, 673
What are the prime factors of 723?
3, 241
What are the prime factors of 2999?
2999
What are the prime factors of 1349?
19, 71
What are the prime factors of 3245?
5, 11,